en 2330012 is divided by 5628.
20
What is the remainder when 2226079 is divided by 2100?
79
Calculate the remainder when 2093874 is divided by 334.
28
What is the remainder when 136610 is divided by 1343?
967
Calculate the remainder when 365220 is divided by 91278.
108
Calculate the remainder when 2968487 is divided by 8756.
203
Calculate the remainder when 258631 is divided by 53.
44
What is the remainder when 7081772 is divided by 231?
5
Calculate the remainder when 456949 is divided by 676.
649
What is the remainder when 2969216 is divided by 623?
621
What is the remainder when 33178802 is divided by 21?
20
Calculate the remainder when 1911360 is divided by 2.
0
What is the remainder when 49267244 is divided by 49267233?
11
What is the remainder when 127792 is divided by 1100?
192
Calculate the remainder when 8215089 is divided by 684590.
9
Calculate the remainder when 16922227 is divided by 2820371.
1
Calculate the remainder when 2663658 is divided by 266358.
78
Calculate the remainder when 276120 is divided by 17200.
920
What is the remainder when 238488 is divided by 21209?
5189
What is the remainder when 658135 is divided by 209?
203
What is the remainder when 506613 is divided by 2998?
2949
Calculate the remainder when 112817 is divided by 618.
341
Calculate the remainder when 892810 is divided by 3767.
31
What is the remainder when 11073662 is divided by 1454?
1452
Calculate the remainder when 8227896 is divided by 343.
12
Calculate the remainder when 469857865 is divided by 8174.
8171
What is the remainder when 55248 is divided by 600?
48
What is the remainder when 142760 is divided by 3241?
156
What is the remainder when 17087215 is divided by 3971?
2
Calculate the remainder when 3658521 is divided by 609753.
3
Calculate the remainder when 34320 is divided by 8463.
468
What is the remainder when 148719 is divided by 2360?
39
What is the remainder when 930990 is divided by 310304?
78
What is the remainder when 10347 is divided by 569?
105
Calculate the remainder when 1297205 is divided by 478.
391
What is the remainder when 36206 is divided by 1730?
1606
What is the remainder when 414628 is divided by 328?
36
Calculate the remainder when 866238 is divided by 1439.
1399
Calculate the remainder when 67183995 is divided by 44.
43
What is the remainder when 51722 is divided by 802?
394
What is the remainder when 823743 is divided by 20?
3
What is the remainder when 18447292 is divided by 1024849?
10
What is the remainder when 1726092 is divided by 3050?
2842
Calculate the remainder when 226345 is divided by 447.
163
Calculate the remainder when 460817 is divided by 316.
89
Calculate the remainder when 2006391 is divided by 42.
9
Calculate the remainder when 2421419 is divided by 134522.
23
What is the remainder when 48065 is divided by 4296?
809
What is the remainder when 312026 is divided by 15596?
106
What is the remainder when 2035170 is divided by 1060?
1030
What is the remainder when 215871 is divided by 53612?
1423
Calculate the remainder when 743145 is divided by 7.
4
Calculate the remainder when 2352619 is divided by 397.
394
Calculate the remainder when 19663 is divided by 9416.
831
Calculate the remainder when 87438 is divided by 5134.
160
What is the remainder when 9374 is divided by 628?
582
Calculate the remainder when 301644 is divided by 4132.
8
Calculate the remainder when 36302427 is divided by 279.
63
Calculate the remainder when 108981 is divided by 1067.
147
Calculate the remainder when 7175332 is divided by 14584.
4
What is the remainder when 7260353 is divided by 340?
333
What is the remainder when 97365 is divided by 97065?
300
What is the remainder when 349822 is divided by 116429?
535
What is the remainder when 102742 is divided by 3052?
2026
Calculate the remainder when 1269892 is divided by 1873.
1871
What is the remainder when 360843 is divided by 1850?
93
Calculate the remainder when 5635538 is divided by 4072.
3962
What is the remainder when 364359 is divided by 360285?
4074
What is the remainder when 4703276 is divided by 587907?
20
Calculate the remainder when 229553 is divided by 836.
489
Calculate the remainder when 5648905 is divided by 132.
97
What is the remainder when 62463417 is divided by 31?
29
What is the remainder when 281772 is divided by 3030?
3012
Calculate the remainder when 49505307 is divided by 49505290.
17
Calculate the remainder when 964561 is divided by 2083.
132
What is the remainder when 275799 is divided by 68759?
763
What is the remainder when 1009653 is divided by 635?
3
Calculate the remainder when 54005 is divided by 8648.
2117
Calculate the remainder when 439222 is divided by 219574.
74
Calculate the remainder when 1064452 is divided by 434.
284
Calculate the remainder when 9939109 is divided by 116.
113
Calculate the remainder when 10308 is divided by 2037.
123
Calculate the remainder when 6384 is divided by 772.
208
Calculate the remainder when 56629 is divided by 2359.
13
Calculate the remainder when 55290341 is divided by 2403927.
20
Calculate the remainder when 776492 is divided by 2420.
2092
Calculate the remainder when 202659742 is divided by 16.
14
Calculate the remainder when 917031 is divided by 229003.
1019
Calculate the remainder when 551954 is divided by 11705.
1819
Calculate the remainder when 6953965 is divided by 406.
403
What is the remainder when 133260 is divided by 95?
70
What is the remainder when 2704493 is divided by 220?
33
What is the remainder when 45428 is divided by 132?
20
What is the remainder when 492178 is divided by 51?
28
Calculate the remainder when 13183296 is divided by 3295824.
0
Calculate the remainder when 77209919 is divided by 25736602.
113
Calculate the remainder when 52018 is divided by 136.
66
Calculate the remainder when 47440248 is divided by 1327.
1325
Calculate the remainder when 125843 is divided by 41770.
533
Calculate the remainder when 1249669 is divided by 314.
263
Calculate the remainder when 714336 is divided by 228.
12
What is the remainder when 2988616 is divided by 186788?
8
Calculate the remainder when 15093 is divided by 13171.
1922
What is the remainder when 65096 is divided by 1276?
20
Calculate the remainder when 609761 is divided by 1163.
349
Calculate the remainder when 20047038 is divided by 790.
788
What is the remainder when 153864079 is divided by 10?
9
What is the remainder when 29969 is divided by 26359?
3610
What is the remainder when 1447789 is divided by 812?
805
What is the remainder when 11103135 is divided by 5157?
114
Calculate the remainder when 1432246 is divided by 4696.
4662
Calculate the remainder when 154537 is divided by 38421.
853
Calculate the remainder when 785662 is divided by 5068.
122
Calculate the remainder when 32009853 is divided by 96.
93
What is the remainder when 36831 is divided by 35169?
1662
Calculate the remainder when 36624 is divided by 1113.
1008
Calculate the remainder when 341433 is divided by 3107.
2770
What is the remainder when 11074452 is divided by 466?
428
Calculate the remainder when 60208 is divided by 11541.
2503
Calculate the remainder when 27488249 is divided by 359.
337
What is the remainder when 1017627 is divided by 9?
6
What is the remainder when 542725 is divided by 60235?
610
Calculate the remainder when 101357054 is divided by 29.
24
What is the remainder when 1079536 is divided by 2775?
61
Calculate the remainder when 11584343 is divided by 399460.
3
Calculate the remainder when 198419 is divided by 66058.
245
What is the remainder when 1639609 is divided by 6456?
6241
What is the remainder when 11677040 is divided by 33?
23
What is the remainder when 98454 is divided by 139?
42
What is the remainder when 223465 is divided by 1891?
327
What is the remainder when 26465 is divided by 12569?
1327
Calculate the remainder when 1726451 is divided by 1929.
1925
Calculate the remainder when 434307 is divided by 86288.
2867
What is the remainder when 215197881 is divided by 4848?
9
What is the remainder when 447826773 is divided by 1198?
1195
What is the remainder when 22828 is divided by 1756?
0
Calculate the remainder when 98390474 is divided by 17.
16
Calculate the remainder when 248068 is divided by 2884.
44
What is the remainder when 55389 is divided by